*3 + 5*z**2 - 8*z - 2. What is w(-6)?
10
Let h(t) = 2*t + 6. Give h(-6).
-6
Let j(o) = 2*o + 1. What is j(-8)?
-15
Let a(p) = p + 1. Determine a(-8).
-7
Let r(j) = j + 1. Give r(-4).
-3
Let k(g) = g - 18. Determine k(20).
2
Let o(k) = k**3 + 3*k**2. Determine o(-3).
0
Let g(d) = d**3 - d**2 - 4*d - 1. What is g(3)?
5
Let j(z) = 19*z - 18. What is j(1)?
1
Let q(d) = -3*d**2 - 16*d - 11. What is q(-4)?
5
Let h(x) = x**3 - 5*x**2 + 6*x - 5. Give h(4).
3
Let l(c) = c**3 + 9*c**2 + 7*c + 58. Determine l(-9).
-5
Let n(z) = z**2 + 7*z - 12. Calculate n(-8).
-4
Let u(a) = -11*a + 245. What is u(22)?
3
Let t(y) = y**2 + y - 29. What is t(0)?
-29
Let t(v) = 12*v - 62. Give t(6).
10
Let f(t) = -7*t**2 - 5*t + 4. Determine f(1).
-8
Let g(h) = 31*h**2 - h + 2. What is g(-2)?
128
Let l(a) = -2*a**2 + 4*a - 6. Determine l(0).
-6
Let f(h) = h**2 + h + 9. Calculate f(0).
9
Let k(o) = -5*o - 7. What is k(-8)?
33
Let d(r) = r - 2. Give d(0).
-2
Let y(a) = 3*a**2 - 11*a + 9. Determine y(7).
79
Let y(g) = 9*g - 79. Give y(9).
2
Let o(j) = 7*j - 7. What is o(6)?
35
Let x(g) = -g**2 + 23*g + 6. Determine x(0).
6
Let r(o) = -o**3 + 7*o**2 - 7. Determine r(6).
29
Let w(i) = -i**2 + 17*i - 29. Calculate w(16).
-13
Let a(l) = 6*l + 5. Calculate a(5).
35
Let o(n) = n**3 - 20*n**2 + 36*n - 7. Give o(18).
-7
Let k(i) = -i**3 - i**2 + 9*i + 13. Give k(-2).
-1
Let b(x) = -8*x + 7. What is b(3)?
-17
Let n(g) = -31*g + 6. Give n(0).
6
Let t(g) = g**3 - 14*g**2 + 10*g + 13. Determine t(13).
-26
Let m(d) = -55*d + 1. Give m(1).
-54
Let w(x) = x**3 - 10*x**2 + 15*x + 11. What is w(8)?
3
Let b(o) = -o**3 + 5*o**2 - 3. Determine b(6).
-39
Let r(x) = -x**3 - 5*x**2 - 2*x. What is r(-3)?
-12
Let w(l) = -2*l**3 - 5*l**2 - 3*l - 2. Give w(-3).
16
Let f(d) = d**3 - d**2 + 4*d - 1. Calculate f(0).
-1
Let i(h) = -4*h - 46. Calculate i(-11).
-2
Let f(t) = t - 7. Calculate f(5).
-2
Let c(u) = -u**3 - 10*u**2 + 2. Determine c(-9).
-79
Let r(t) = -t - 12. Determine r(-22).
10
Let s(d) = d**2 + 2*d - 13. Determine s(0).
-13
Let s(a) = 3*a - 4. Give s(2).
2
Let a(f) = -f**3 - 5*f**2 + 8*f - 9. Determine a(-7).
33
Let b(m) = m**3 + 7*m**2 + 3*m + 18. Determine b(-7).
-3
Let z(c) = -c - 5. What is z(-14)?
9
Let g(n) = 6*n - 97. Determine g(17).
5
Let u(y) = -y**3 - 6*y**2 - 7*y - 12. Determine u(-4).
-16
Let u(c) = -c**2 - 3*c + 22. Give u(-9).
-32
Let k(a) = 11*a - 156. Determine k(15).
9
Let w(i) = 6*i**2 - 27*i + 14. Calculate w(4).
2
Let f(n) = n**2 + 8*n + 14. Give f(-4).
-2
Let u(h) = h + 10. Determine u(-4).
6
Let n(q) = 7*q + 11. What is n(-6)?
-31
Let h(o) = o**3 + 27*o**2 - 58*o + 11. Calculate h(-29).
11
Let r(i) = -4*i**2 - 4*i + 6. Calculate r(-2).
-2
Let j(a) = 13*a - 20. Give j(-3).
-59
Let j(t) = -10*t - 15. Determine j(-10).
85
Let a(d) = d**3 + 7*d**2 + 5*d - 3. Give a(-6).
3
Let x(j) = 4*j - 8. Determine x(6).
16
Let p(r) = 24*r + 7. Determine p(0).
7
Let x(o) = -13*o**2 - 4*o + 4. Determine x(3).
-125
Let h(a) = -3*a - 13. Calculate h(-3).
-4
Let w(t) = -t**2 + 10*t + 12. What is w(10)?
12
Let v(z) = -z**3 - 15*z**2 - 2*z - 30. Determine v(-15).
0
Let n(m) = -10*m - 77. Determine n(-9).
13
Let n(t) = -3*t + 17. Give n(0).
17
Let n(x) = 55*x + 115. Give n(-2).
5
Let n(l) = -l**3 - 6*l**2 + 41*l + 8. Give n(-10).
-2
Let i(m) = -m**3 + 3*m**2 + 3*m - 1. Calculate i(4).
-5
Let u(h) = -8*h - 2. What is u(-4)?
30
Let t(s) = s**2 + 21*s - 16. Calculate t(-22).
6
Let b(f) = -f + 22. Give b(15).
7
Let h(g) = 8*g**2 - g + 3. Determine h(-3).
78
Let s(t) = 2*t**2 - 5*t + 7. Give s(6).
49
Let v(w) = w**3 + w + 1. Calculate v(0).
1
Let h(s) = -16*s - 54. Calculate h(-4).
10
Let p(j) = -j**3 + 15*j**2 + 24*j - 366. Determine p(15).
-6
Let b(r) = -25*r + 517. What is b(21)?
-8
Let h(a) = 5*a**3 - a**2 + a - 4. Give h(-2).
-50
Let f(d) = -d - 15. Calculate f(-4).
-11
Let x(p) = p**3 - 4*p**2 + 4*p + 2. Calculate x(6).
98
Let k(a) = -a**2 - 2*a - 2. What is k(-4)?
-10
Let i(f) = f**3 + 14*f**2 - 2*f + 3. Calculate i(-14).
31
Let l(k) = -k**2 + 92*k - 180. Give l(2).
0
Let y(w) = -3*w + 105. Calculate y(27).
24
Let p(v) = 34*v. Give p(1).
34
Let k(d) = -d**2 - 18*d + 82. Determine k(5).
-33
Let v(w) = 3*w + 86. Determine v(-26).
8
Let k(h) = -h**2 - h + 3. Give k(6).
-39
Let k(f) = -4*f + 25. Determine k(8).
-7
Let a(j) = 2*j - 2. Calculate a(14).
26
Let w(n) = 11*n - 150. What is w(14)?
4
Let x(s) = 5*s + 4. Determine x(-3).
-11
Let s(v) = -v**2 + 7*v - 3. Determine s(7).
-3
Let z(w) = w**3 - 8*w**2 + 18*w - 2. Give z(4).
6
Let p(r) = 20*r + 12. Calculate p(6).
132
Let d(w) = 2*w**3 - w**2 - 3*w + 3. What is d(2)?
9
Let k(m) = -m**2 + 5*m + 60. Determine k(-6).
-6
Let h(q) = -q**2 + 14*q + 69. What is h(18)?
-3
Let r(w) = -w**3 + 8*w**2 + 6*w + 11. Calculate r(9).
-16
Let w(x) = x + 3. What is w(-10)?
-7
Let u(y) = -y**3 - 10*y**2 - 5*y - 13. What is u(-9)?
-49
Let r(z) = -z**3 + 8*z**2 + 3*z + 8. What is r(8)?
32
Let i(j) = j**3 - 15*j**2 - 319*j + 62. What is i(-12)?
2
Let v(s) = s**3 + 38*s**2 - 33*s + 235. Determine v(-39).
1
Let u(v) = -v**3 - 14*v**2 - 15*v + 24. Give u(-13).
50
Let w(t) = 2*t**3 + 3*t**2 + 4*t + 3. Give w(-2).
-9
Let r(u) = -3*u - 1. Give r(-2).
5
Let s(c) = -c**3 - 3*c**2 + 12*c + 2. Determine s(-5).
-8
Let s(z) = z + 6. Give s(-2).
4
Let b(t) = -17*t - 3. Calculate b(2).
-37
Let x(y) = y**3 - 9*y**2 - 10*y. Determine x(10).
0
Let z(v) = -v**2 + v - 12. Determine z(0).
-12
Let v(i) = 28*i**2 + 2*i - 1. What is v(1)?
29
Let c(g) = -g**3 + 15*g**2 - g - 12. Determine c(15).
-27
Let j(w) = 4*w**2 + 11*w + 3. What is j(-3)?
6
Let j(p) = -p**2 + 59*p - 119. Calculate j(57).
-5
Let i(o) = 9*o - 57. What is i(6)?
-3
Let l(y) = y**2 - 8. Give l(0).
-8
Let j(w) = w**2 - 5*w. Give j(3).
-6
Let x(o) = 18*o + 2. Determine x(2).
38
Let j(a) = 2*a**2 - 16*a - 19. What is j(9)?
-1
Let y(i) = -6*i + 189. Determine y(32).
-3
Let s(m) = -m**3 - 10*m**2 + 51*m - 75. Calculate s(-14).
-5
Let g(k) = -k**3 - 5*k**2 - 3*k + 2. Give g(-3).
-7
Let r(s) = -23*s - 7. What is r(-1)?
16
Let t(h) = h + 18. Calculate t(-15).
3
Let j(i) = i**3 - 5*i**2 + 4*i + 9. Give j(4).
9
Let y(x) = -2*x**2 - 22*x + 2. Give y(-11).
2
Let f(b) = 3*b**3 - 26*b**2 - 26*b + 1. Give f(-1).
-2
Let v(k) = -32*k + 2. Calculate v(-3).
98
Let n(p) = -2*p - 35. Determine n(0).
-35
Let w(s) = 21*s - 21. Determine w(-6).
-147
Let i(h) = 2*h + 13. Calculate i(-9).
-5
Let z(r) = r**2 - 2*r - 13. Give z(0).
-13
Let q(p) = 4*p + 21. Give q(-8).
-11
Let i(u) = 2*u**2 + 14*u + 43. Give i(-4).
19
Let t(p) = -5*p - 8. Determine t(2).
-18
Let n(g) = -g**3 - 6*g**2 + 7*g + 8. Give n(-7).
8
Let z(a) = -a**2 - 10*a - 4. Give z(-10).
-4
Let c(t) = 3*t**2 - 26*t - 12. Calculate c(9).
-3
Let w(d) = -19*d - 8. Calculate w(-2).
30
Let t(d) = 30*d + 117. What is t(-4)?
-3
Let n(p) = -p**3 - 6*p**2 + 5*p + 5. Give n(-6).
-25
Let n(f) = f**2 - 26*f + 99. Give n(20).
-21
Let p(r) = 40*r - 76. What is p(2)?
4
Let v(d) = -2*d**2 + 2*d - 40. Calculate v(0).
-40
Let x(r) = -2*r - 7. Calculate x(-8).
9
Let r(g) = g**3 - 2*g**2 - 3. What is r(0)?
-3
Let c(t) = 2*t**2 - 37*t + 15. Calculate c(18).
-3
Let o(a) = -a**3 + 6*a**2 + 19*a - 90. Determine o(7).
-6
Let i(z) = z**3 + 5*z**2 + 3*z - 1. What is i(-4)?
3
Let y(k) = -k**2 - 12*k + 30. Determine y(-7).
65
Let o(a) = 5*a**2 + 3*a + 4. What is o(-3)?
40
Let y(w) = -2*w**2 + 18*w. Calculate y(9).
0
Let f(h) = h**2 + 21*h - 68. Give f(0).
-68
Let p(l) = -6*l**3 - 2*l**2 + 5*l - 1. Determine p(2).
-47
Let v(i) = -i**3 - 33*i**2 - 33*i - 39. Calculate v(-32).
-7
Let r(i) = -4*i**2 + 9*i - 5. What is r(3)?
-14
Let o(t) = 69*t**3 - 1. Calculate o(-1).
-70
Let m(z) = 4*z - 28. What is m(5)?
-8
Let h(a) = a**3 + a**2 + a + 25. What is h(0)?
25
Let a(l) = -8*l + 40. Determine a(6).
-8
Let j(u) = 35*u + 6. Calculate j(4).
146
Let c(y) = 54*y**2 + 15*y + 14. Give c(-1).
53
Let s(b) = 20*b - 23. Give s(-6).
-143
Let q(p) = 2*p + 21. Give q(-15).
-9
Let o(u) = u**3 - 19*u**2 - 39*u - 28. Calculate o(21).
35
Let m(k) = 11*k + 84. Calculate m(-8).
-4
Let u(d) = -2*d**3 + d**2 + d. Give u(-1).
2
Let h(u) = u**2 + 4*u - 10. Calculate h(-8).
22
Let z(s) = 3*s + 108. Calculate z(-38).
-6
Let l(r) = r**2 - 12*r + 10. Determine l(9).
-17
Let x(n) = 3*n**3 + 6*n**2 + 8*n + 11. Determine x(-2).
-5
Let v(w) = 2*w**3 - 9*